of 6997?
7
What is the units digit of 1932?
2
What is the units digit of 5709?
9
What is the units digit of 9039?
9
What is the units digit of 7067?
7
What is the tens digit of 290?
9
What is the hundred thousands digit of 101868?
1
What is the tens digit of 1703?
0
What is the units digit of 1502?
2
What is the units digit of 96?
6
What is the thousands digit of 4782?
4
What is the thousands digit of 77074?
7
What is the units digit of 11515?
5
What is the tens digit of 1157?
5
What is the units digit of 433?
3
What is the units digit of 63552?
2
What is the hundreds digit of 1043?
0
What is the thousands digit of 3029?
3
What is the tens digit of 5037?
3
What is the tens digit of 1986?
8
What is the thousands digit of 2335?
2
What is the tens digit of 4287?
8
What is the ten thousands digit of 125378?
2
What is the units digit of 51500?
0
What is the hundreds digit of 1541?
5
What is the ten thousands digit of 13292?
1
What is the tens digit of 2219?
1
What is the tens digit of 1202?
0
What is the thousands digit of 3075?
3
What is the hundreds digit of 4060?
0
What is the tens digit of 702?
0
What is the units digit of 1339?
9
What is the units digit of 235?
5
What is the hundreds digit of 15493?
4
What is the tens digit of 377?
7
What is the units digit of 71859?
9
What is the tens digit of 32420?
2
What is the units digit of 11318?
8
What is the hundreds digit of 1159?
1
What is the hundreds digit of 17775?
7
What is the ten thousands digit of 21062?
2
What is the hundreds digit of 4652?
6
What is the ten thousands digit of 26384?
2
What is the ten thousands digit of 10351?
1
What is the units digit of 49848?
8
What is the hundred thousands digit of 118133?
1
What is the ten thousands digit of 31105?
3
What is the hundreds digit of 3502?
5
What is the tens digit of 1273?
7
What is the hundreds digit of 1617?
6
What is the hundreds digit of 25362?
3
What is the units digit of 743?
3
What is the tens digit of 5636?
3
What is the tens digit of 218?
1
What is the tens digit of 6642?
4
What is the hundreds digit of 13768?
7
What is the thousands digit of 22173?
2
What is the ten thousands digit of 37385?
3
What is the hundred thousands digit of 155295?
1
What is the thousands digit of 18976?
8
What is the hundreds digit of 464?
4
What is the tens digit of 3835?
3
What is the units digit of 1193?
3
What is the hundreds digit of 3416?
4
What is the units digit of 4041?
1
What is the hundreds digit of 385?
3
What is the units digit of 3484?
4
What is the ten thousands digit of 59598?
5
What is the hundreds digit of 4245?
2
What is the units digit of 794?
4
What is the units digit of 5725?
5
What is the hundreds digit of 10620?
6
What is the ten thousands digit of 18459?
1
What is the thousands digit of 13428?
3
What is the units digit of 67457?
7
What is the hundreds digit of 675?
6
What is the thousands digit of 1390?
1
What is the thousands digit of 2052?
2
What is the thousands digit of 162555?
2
What is the tens digit of 2943?
4
What is the hundreds digit of 8730?
7
What is the units digit of 5177?
7
What is the tens digit of 10855?
5
What is the tens digit of 20254?
5
What is the hundreds digit of 11859?
8
What is the units digit of 8460?
0
What is the units digit of 5379?
9
What is the units digit of 128984?
4
What is the thousands digit of 8467?
8
What is the tens digit of 13449?
4
What is the tens digit of 798?
9
What is the hundreds digit of 15544?
5
What is the units digit of 2046?
6
What is the thousands digit of 1380?
1
What is the tens digit of 903?
0
What is the ten thousands digit of 87363?
8
What is the thousands digit of 24121?
4
What is the tens digit of 12346?
4
What is the thousands digit of 17710?
7
What is the hundreds digit of 2785?
7
What is the thousands digit of 9129?
9
What is the tens digit of 187?
8
What is the thousands digit of 4187?
4
What is the hundreds digit of 946?
9
What is the ten thousands digit of 16807?
1
What is the units digit of 26749?
9
What is the thousands digit of 145947?
5
What is the units digit of 374?
4
What is the hundreds digit of 2108?
1
What is the tens digit of 57?
5
What is the ten thousands digit of 11399?
1
What is the units digit of 1065?
5
What is the tens digit of 855?
5
What is the tens digit of 13813?
1
What is the hundreds digit of 1297?
2
What is the thousands digit of 4133?
4
What is the tens digit of 230?
3
What is the units digit of 98?
8
What is the hundreds digit of 1582?
5
What is the tens digit of 14986?
8
What is the units digit of 10910?
0
What is the tens digit of 19975?
7
What is the units digit of 1799?
9
What is the thousands digit of 59108?
9
What is the hundreds digit of 70625?
6
What is the units digit of 5021?
1
What is the hundreds digit of 6815?
8
What is the hundred thousands digit of 182196?
1
What is the units digit of 60194?
4
What is the tens digit of 149?
4
What is the ten thousands digit of 13972?
1
What is the units digit of 688?
8
What is the units digit of 512?
2
What is the hundreds digit of 129?
1
What is the units digit of 6286?
6
What is the hundreds digit of 51110?
1
What is the thousands digit of 1170?
1
What is the units digit of 3036?
6
What is the tens digit of 312?
1
What is the units digit of 957?
7
What is the ten thousands digit of 69571?
6
What is the units digit of 11932?
2
What is the thousands digit of 1735?
1
What is the units digit of 10363?
3
What is the thousands digit of 2152?
2
What is the tens digit of 71517?
1
What is the thousands digit of 7618?
7
What is the thousands digit of 5972?
5
What is the units digit of 33978?
8
What is the ten thousands digit of 12654?
1
What is the tens digit of 4802?
0
What is the hundreds digit of 100?
1
What is the units digit of 18589?
9
What is the units digit of 13521?
1
What is the thousands digit of 34084?
4
What is the hundreds digit of 137?
1
What is the ten thousands digit of 12648?
1
What is the thousands digit of 3636?
3
What is the units digit of 113333?
3
What is the hundreds digit of 93267?
2
What is the tens digit of 2264?
6
What is the hundreds digit of 3635?
6
What is the thousands digit of 1811?
1
What is the tens digit of 2373?
7
What is the units digit of 5604?
4
What is the hundreds digit of 268?
2
What is the units digit of 429?
9
What is the tens digit of 1047?
4
What is the units digit of 47921?
1
What is the tens digit of 2494?
9
What is the ten thousands digit of 27816?
2
What is the thousands digit of 1087?
1
What is the hundreds digit of 9825?
8
What is the units digit of 1104?
4
What is the tens digit of 55992?
9
What is the ten thousands digit of 27704?
2
What is the units digit of 625?
5
What is the tens digit of 1512?
1
What is the hundreds digit of 1012?
0
What is the hundreds digit of 458?
4
What is the thousands digit of 15010?
5
What is the tens digit of 54?
5
What is the tens digit of 929?
2
What is the hundreds digit of 403?
4
What is the thousands digit of 46118?
6
What is the ten thousands digit of 21307?
2
What is the thousands digit of 2001?
2
What is the units digit of 745?
5
What is the units digit of 49?
9
What is the tens digit of 985?
8
What is the hundreds digit of 554?
5
What is the hundreds digit of 80665?
6
What is the tens digit of 6942?
4
What is the units digit of 36132?
2
What is the tens digit of 2621?
2
What is the tens digit of 123529?
2
What is the units digit of 13730?
0
What is the tens digit of 732?
3
What is the tens digit of 37181?
8
What is the thousands digit of 2173?
2
What is the ten thousands digit of 16135?
1
What is the tens digit of 2790?
9
What is the ten thousands digit of 15388?
1
What is the thousands digit of 1899?
1
What is the tens digit of 199?
9
What is the hundreds digit of 18596?
5
What is the thousands digit of 76315?
6
What is the thousands digit of 3759?
3
What is the ten thousands digit of 71712?
7
What is the hundreds digit of 1843?
8
What is the thousands digit of 18661?
8
What is the units digit of 71796?
6
What is the hundreds digit of 11295?
2
What is the hundreds digit of 1233?
2
What is the hundreds digit of 16286?
2
What is the units digit of 8812?
2
What is the hundreds digit of 3394?
3
What is the ten thousands digit of 119941?
1
What is the hundreds digit of 5313?
3
What is the tens digit of 1331